 remainder when 30 is divided by m.
6
Let w(u) = -3*u + 3. Let o be w(2). Suppose 4*x - 4*q = 20, 3*x - 55*q = -50*q + 23. Calculate the remainder when 66 + (o - x) - -2 is divided by 11.
9
Let h = 208 - 6. Suppose -2*o = -3*v + 3*o + h, -v + 2*o = -68. Let t = -9436 - -9458. Calculate the remainder when v is divided by t.
20
Let t = -5 - 10. Let k = t + 29. Suppose -k*f = -10*f - 16. What is the remainder when 9 is divided by f?
1
Let x(t) be the second derivative of t**4/6 - 3*t**3/2 + 19*t**2/2 - 10*t. Calculate the remainder when 526 is divided by x(5).
22
Suppose -702 = -21*u + 27*u. Calculate the remainder when 72/27*u/(-12) is divided by 4.
2
Let k be ((-14)/35)/(1/10*-2). Suppose -19 = -3*u - k*z, 2*z + z + 30 = 2*u. Suppose u = 4*x - 75. What is the remainder when 101 is divided by x?
17
Let t = -460 + 317. Let q = t - -201. What is the remainder when q is divided by 24?
10
Suppose -69 = -19*u + 1204. Let l = -229 + 234. What is the remainder when u is divided by l?
2
Let m = -208 + 39. Let i = m + 283. What is the remainder when i is divided by 24?
18
Let t(m) = 2*m**3 - 26*m**2 - 2577*m - 33. Calculate the remainder when t(43) is divided by 1 + -19*-1*1.
16
Let m = 19911 - 19851. Calculate the remainder when 7978 is divided by m.
58
Let y(l) = 18*l - 562. Suppose 0 = s + 246 - 433. What is the remainder when s is divided by y(33)?
27
Let s(l) = -l**3 - 20*l**2 - 22*l - 19. Let y be s(-19). Let w be 1/(-4) - (-996)/(-48). Let h = y + w. What is the remainder when 46 is divided by h?
12
Let a(i) = -i + 2. Let y be a(-4). Suppose -8*s - 1873 + 2121 = 0. Suppose q - y = -d, -2*q - s = -3*d + 12. What is the remainder when 27 is divided by d?
5
Let q(z) be the second derivative of -z**5/20 - z**4/6 + 5*z**3/3 + 55*z**2/2 - 2*z + 25. Calculate the remainder when q(-5) is divided by 43.
37
Let g(r) = -r**3 - 10*r**2 + 27*r + 6. Let f be g(-12). Suppose 3*h - 5*h - 86 = 0. Let u = f - h. What is the remainder when 36 is divided by u?
10
Let t(b) be the third derivative of -b**4/8 - b**3/2 - b**2. Let c = -25456 + 25506. Calculate the remainder when c is divided by t(-6).
5
Let r be ((9/(-6))/(-1))/(1/2). Suppose l + 5*t = 14, r*l + 5*t - 23 = 9. Calculate the remainder when (124/(-2))/(-2 - -1) is divided by l.
8
Suppose 0 = -2*q + 198 - 158. What is the remainder when 826 is divided by q?
6
Suppose 3*q - 1323 - 378 = 0. Let a = 596 - q. Calculate the remainder when a is divided by 4.
1
Calculate the remainder when 83 is divided by (110/(-5) + 6)*(-4)/2.
19
Let k = -302 + 322. Suppose 5 + 964 = 19*n. Calculate the remainder when n is divided by k.
11
Let i be (28/(-3) - -7)*(-5 + -1). Suppose -i*g + 2238 = -8*g. Let j = g + -260. What is the remainder when j is divided by 58?
55
Suppose 0 = 2*h + 6*u - 2*u - 74, -111 = -3*h - u. Let m = 16 + h. Calculate the remainder when m is divided by (3 - 2)*(-2 + 2 + 19).
15
Let v be (-9 - (6 - 53)) + 0. Suppose -v*l + 0*l + 646 = 0. What is the remainder when 46 is divided by l?
12
Suppose v = 4*o - o - 8, v - 4*o = -13. Let d(j) = -j**2 + 8*j + 9. Let n(b) = b**2 - 3*b - 27. Calculate the remainder when n(-8) is divided by d(v).
13
Suppose 0 = -4*h + 5*u + 32, 5*u - 13 = 7. Suppose 774*g - 16 = 772*g. Calculate the remainder when h is divided by g.
5
Suppose 3*p - 6 = h + 4, 4*p = 4*h + 16. Let j = 24 - p. Let b(m) = m**2 + 1194*m - 7159. Calculate the remainder when b(6) is divided by j.
20
Let q(k) = 8 - 3 + 4 - 65 + 9*k. What is the remainder when 16 is divided by q(7)?
2
Let k be 126/(-4)*12/(-7). Suppose -3*q - k = -5*q. What is the remainder when q is divided by -9*(1/2)/((-198)/308)?
6
Let m = 168 - 116. Suppose 14*d = 10*d + m. Let w(g) = 11*g - 140. What is the remainder when w(15) is divided by d?
12
Suppose -15*n = -16*n + 44. Suppose -5*f + 2*k + 304 = 0, 2*f + 5*k - 45 = 65. Suppose 5*h - f = h. Calculate the remainder when n is divided by h.
14
Let h(g) = g**3 - 11*g**2 + 4*g - 10. Suppose 377*s + 7*s - 4790 = 21322. What is the remainder when s is divided by h(11)?
0
Let x = 4941 + -3727. What is the remainder when x is divided by 295?
34
Suppose -6*a + 196 - 46 = 0. Suppose 48 = -7*g + 167. Calculate the remainder when a is divided by g.
8
Let d(u) = 5*u**2 + 46*u + 772. Calculate the remainder when d(-14) is divided by 57.
25
Suppose -2*j + 214 = s, 43*j = 40*j + 2*s + 342. Calculate the remainder when 2194 is divided by j.
104
Let m(p) = -11*p - 371. What is the remainder when 6999 is divided by m(-36)?
24
Calculate the remainder when ((15 - 29)/(-14))/((-2)/(-570)) is divided by 127.
31
Let x = -5093 - -5131. Calculate the remainder when 867 is divided by x.
31
Suppose -76*l + 2090 = 114. What is the remainder when 1247 is divided by l?
25
Suppose 241*q + 3458 = 260*q. Calculate the remainder when 182 is divided by q.
0
Suppose 0 = 15*w + 20*w - 671 - 64. Let f = 63 - 22. Calculate the remainder when f is divided by w.
20
Let a = -18790 - -18901. What is the remainder when a is divided by (-7)/21 - 133/(-3)?
23
Calculate the remainder when 621 is divided by 321586/529 + (-6)/(-69).
13
What is the remainder when (-11156)/(-36) - (-28)/252 is divided by 8?
6
Suppose -13 = 5*r + 3*n - 1, 20 = 2*r - 5*n. Suppose r*b - 84 = -3*b. Calculate the remainder when ((-576)/81 - -7) + 2992/36 is divided by b.
27
Let w = 4 + -2. Let a be (-294)/w*(-10)/30. Let g = a - 24. Calculate the remainder when g is divided by 14.
11
Let w = 411254 - 410905. Suppose -3*u = -16 - 8. What is the remainder when w is divided by u?
5
Let u = -4207 + 4335. Calculate the remainder when u is divided by (-26)/((-3)/((-3)/(-2))).
11
Let y(l) = -2540*l - 262. What is the remainder when y(-1) is divided by 120?
118
Suppose -65308 = -118*u + 64*u - 62*u. What is the remainder when u is divided by 72?
59
Let q be ((-1)/(-1))/((-2)/(-10)). Let b be 274/q + 9/45. Suppose 2*r + h = b, 0 = -3*r + h + h + 93. What is the remainder when r is divided by 18?
11
Suppose -4*l + 3*l + 79 = 0. Let m = -153385 + 153399. What is the remainder when l is divided by m?
9
Suppose 6*k + 0*k - 3*k = 0. Suppose -22*v + 18*v = k. Suppose o = -s + 4*s - 11, 2*s - 5*o + 10 = v. Calculate the remainder when 29 is divided by s.
4
Let f = -3234 + 3275. Calculate the remainder when 99 is divided by f.
17
Suppose -64 = -223*n + 6403. What is the remainder when 201 is divided by n?
27
Let b be (-4)/18 + (-292)/(-18). Suppose -141 = -5*p - b. Suppose 5*u - 189 - 151 = 5*n, -4*u + 287 = n. Calculate the remainder when u is divided by p.
21
Suppose -3*q - 15 = x - 4*q, 5*x + 45 = -5*q. Let f be x + (-7)/((-21)/(-6)). Let g = 30 + f. What is the remainder when g is divided by 9?
7
Suppose -14943 = -a + o, a - 14949 = 1430*o - 1432*o. What is the remainder when a is divided by 141?
140
Suppose r - 609 = -4*b + 291, -2*b + 456 = -r. Calculate the remainder when b is divided by 5.
1
Let h = 9 + -6. Suppose -2*m + 0*m = -h*v + 119, -5*v - 2*m = -225. Calculate the remainder when (1809/(-402))/(1/(-38)) is divided by v.
42
Let r(o) = -o**3 - 28*o**2 + 8*o - 478. What is the remainder when 646 is divided by r(-29)?
122
Let k(l) = 22*l**2 - 254*l - 29. Calculate the remainder when k(17) is divided by 20.
11
Let b be 570/9 - 7/63*-6. Suppose -102 = -x + b. Calculate the remainder when x is divided by 59.
48
Suppose 2*d = 4*c + c - 83, d + 4 = 0. What is the remainder when -74*c/10*4/(-6) is divided by 22?
8
Suppose 702 = 12*t + 162. Suppose -44*r - 7 = -t*r - y, 4*y = -20. Calculate the remainder when 103 is divided by r.
7
Calculate the remainder when 4555 is divided by (-5 + 4 + 269)/(17 + -13).
66
Suppose 4684 = 13*j + 4307. Calculate the remainder when j is divided by 3/(-9)*-3*5.
4
Let u(d) = 13*d**2 - 10*d + 26. Let g be u(5). Let r = g - 140. Calculate the remainder when r is divided by 55.
51
Suppose 0 = 4*h + 4, 82 + 13 = 4*v - 3*h. Let b = v - 17. Let z = -83 + 136. Calculate the remainder when z is divided by b.
5
Suppose -324 = -135*h + 132*h. Suppose -96 = -4*k + h. Calculate the remainder when k is divided by 18.
15
Suppose 189247*t + 182 = 189249*t. What is the remainder when 2727 is divided by t?
88
Let l = 34269 + -21322. What is the remainder when l is divided by 156?
155
Suppose -9*a = 8 - 179. What is the remainder when 352 is divided 